 5*g, -5*g - 5 = 4*m. Is 287/m + w/5 a composite number?
True
Suppose -213*u - 24294 = -219*u. Is u a prime number?
True
Suppose -10*y + 48640 = 14870. Is y prime?
False
Let j(h) = -835*h - 7. Suppose 3*g - b + 9 = -4*b, -5*b = -4*g - 12. Is j(g) prime?
False
Let y(k) be the second derivative of -k**3/2 + 7*k**2/2 - 3*k. Let l be y(-10). Is 7*(-1 + 2)*l a composite number?
True
Let x = 15 - 6. Let n = x + -5. Suppose -i + 485 = n*i. Is i a composite number?
False
Suppose 0 = -5*b + 2*x + 135, -6*b - x - 105 = -10*b. Is b composite?
True
Is (-1 - (-2)/6)/(20/(-817350)) a composite number?
True
Let z(m) = 73*m**3 + 5*m**2 - 7*m - 10. Is z(3) prime?
False
Suppose -k - 7 = 4*q, 8 = q + 2*k + 1. Let l be q*2/9*-9. Is 2514/12 - l/(-4) prime?
True
Let t(x) = 61*x**3 + x**2 - 3*x + 2. Is t(3) composite?
True
Let g(j) = 5 + 5 - 3 - 12*j - 15*j. Is g(-6) a composite number?
True
Let l be 126/18*(-1 - 46). Is (1 + 2/(-1))*l composite?
True
Let m = -917 + 2662. Let z = -264 + m. Is z prime?
True
Let r(g) = -g**2 - 33*g + 25. Is r(-31) composite?
True
Let n(x) = -x**3 - 2*x**2 - 6*x - 1. Suppose 0 = 3*p - 6, 5*p - 30 = -6*k + 2*k. Suppose 0*u - 40 = k*u - 4*h, u + 19 = 3*h. Is n(u) composite?
True
Suppose -2*l + z = -3740, l = 3*l + 2*z - 3728. Suppose 10*s - 14*s + l = 0. Is s a composite number?
False
Suppose -4*x = -2*l + 5 + 5, 5*x + l = -9. Let p(o) = -109*o**3 + o**2 + o - 3. Is p(x) composite?
True
Suppose 0 = 90*g - 93*g + w + 413951, 4*g - 551942 = 5*w. Is g a composite number?
False
Suppose 20 = 4*k - o + 2*o, 4*k - 20 = -2*o. Suppose 0*y - k*y = 4270. Let t = 1521 + y. Is t prime?
False
Suppose -13 = 3*q - 1. Let h be 1/((-12)/(-15))*q. Is (-814)/h - (-2)/10 a prime number?
True
Suppose 34 = 2*w + 26. Is w/16*4*499 composite?
False
Suppose 2*c + 564 = -0*m + 3*m, -576 = -3*m - 2*c. Let z = -131 + 236. Let s = m + z. Is s a composite number?
True
Let a = -3 - -5. Suppose 3*b = 5*r + 48, -a*b + r - 52 = -7*b. Let j = b - -8. Is j composite?
False
Suppose h - 3*p + 183 = 4042, 4*p - 3831 = -h. Is h a composite number?
False
Is (1181/2)/(3*3/18) composite?
False
Suppose -4*m + t - 25 = 0, -t - 3*t = 4*m. Is (-2)/(-13 - m)*(-1 + 1997) composite?
False
Let m(j) = -j**3 + 8*j + 5. Let a(w) = -w**3 - w**2 + 9*w + 5. Let h(r) = -3*a(r) + 4*m(r). Let k = 105 - 109. Is h(k) a composite number?
False
Let k(o) = -o**3 - 9*o**2 - 11*o. Let y be k(-8). Suppose -3*d = -i, y = 4*i - i + 3*d. Suppose -i*m + m = -95. Is m composite?
False
Suppose -270142 = -32*q + 627234. Is q a composite number?
True
Let i(s) = 12*s**3 + 6*s**2 - 28*s + 137. Is i(6) prime?
True
Let w be (10110/(-15))/((-4)/154). Suppose 5*k + 2*u = w, k + 609 = 4*u + 5790. Is k a composite number?
False
Let g(o) = 21*o**2 - o - 24. Let v be g(-5). Let u = 167 + v. Is u a prime number?
True
Suppose n = 4*n - 1365. Suppose v + 3*b = n, -4*v + 4*b + 1760 = b. Is v a composite number?
False
Let v be 261/51 + (-14)/119. Is 9388/20 + (-2)/v a prime number?
False
Let r be ((-54)/(-63))/((-2)/(-7)). Suppose -g = -r*p - 11, -3*p + p = -3*g + 19. Suppose 3*b = -g*z + 200, 5 - 20 = 3*b. Is z prime?
True
Let r = 66313 + -20684. Is r prime?
False
Suppose 18 - 4 = 5*o - 2*z, -4*o = 3*z - 2. Suppose 0 = -o*c - 2*r + 508, -c - 4*r + 121 + 142 = 0. Is c a composite number?
False
Let c be (-12)/(-8) + (-193)/(-2)*1. Let u = c - -105. Is u a composite number?
True
Suppose -7*l + 1056 = -4*l + 3*f, f - 1414 = -4*l. Let g = l + 163. Is g composite?
True
Suppose a - 5*i - 2508 = 0, -2*a + 5744 - 710 = -i. Suppose 5*q - a = 2347. Is q prime?
False
Is ((-2)/6)/(5939329/593934 - 10) prime?
False
Suppose -2*g + 3107 = -359. Is g prime?
True
Suppose -10*k = -17 - 13. Suppose -3*s + k*d - 8*d = -3510, 3*s - 2*d - 3489 = 0. Is s prime?
False
Suppose -3*s - 494 = 286. Let o = s + 655. Suppose -96 + o = c. Is c a prime number?
False
Let j = -1119 + 2308. Is j a prime number?
False
Let n(z) = z + 31. Let i(b) = b**3 + 7*b**2 + 4*b - 3. Let j be i(-6). Let h(y) = -y**2 + 10*y - 9. Let u be h(j). Is n(u) prime?
True
Let y = -62 + 95. Let m(h) = -h**2 + 1. Let g be m(1). Let s = y + g. Is s composite?
True
Suppose 0 = -26*v + 1052375 + 56031. Is v prime?
False
Let n = 7291 - -28740. Is n a composite number?
True
Let a(f) = 3 - 2*f - 3*f + 2*f**2 - 12. Let c be a(-3). Suppose -27*t + 537 = -c*t. Is t composite?
False
Let b = 17 + -8. Let o = b - 7. Suppose 3*h + 245 = 2*v, o*v + 2*h + h = 227. Is v prime?
False
Is -5*44633/(-5)*(6 + -5) composite?
False
Let a(j) = -10*j + 1. Let d be a(-1). Let p(t) = 28 - t**2 - 39 - 2*t - d*t - 10*t. Is p(-13) a composite number?
True
Let s = -1294 - -2949. Is s prime?
False
Let k be (0 - -2)*(0 - 1). Let z be -75 + 0 + k - 0. Let t = z + 115. Is t a composite number?
True
Let p = 23 - 21. Let g(t) = -5 - 11*t - t**3 + 0*t + 2*t + 14*t**p + 0*t. Is g(11) composite?
True
Let m = -25 - -59. Let q(s) = -6*s**2 + 415 + 5*s**2 + s**3 - m. Is q(0) a prime number?
False
Suppose 724 + 86 = 5*j. Let d = j + 29. Is d a prime number?
True
Suppose -2*r = -6*r + 24. Let t(k) = -k**3 + 6*k**2 - 6*k - 2. Let y be t(r). Let s = 131 + y. Is s composite?
True
Is 6 + (-56)/12 + (-18353)/(-3) a composite number?
True
Let c be 2*(-3)/2 - -789. Is 5 + c + (-1 - 3) prime?
True
Let k = 16 - -1. Let r(o) = -o**3 + 23*o**2 + 7*o - 6. Is r(k) a composite number?
False
Let s = 1487 + -18. Let a = s + -970. Is a a composite number?
False
Let j = -7220 + 11187. Is j a composite number?
False
Suppose -6*h + 132899 = 7*h. Is h a composite number?
False
Let k be 4 + 0 + -4 + 10. Suppose -k*o = -11*o - 84. Let q = 167 + o. Is q a prime number?
True
Let a = 1 + 4. Let m(w) = w**3 - 6*w**2 + 4*w + 7. Let g be m(a). Suppose g*f = 5*j - 3*f - 435, 5*j - 475 = -5*f. Is j a composite number?
True
Suppose 604 = -4*c - 240. Let k be -88 + -1 + -9 + 3 + 3. Let g = k - c. Is g a prime number?
False
Let p be (-17 - 1)*3/(18/(-525)). Let i = p + -1072. Is i composite?
False
Let z(t) = 3*t**2 - 10*t - 18. Let s be z(13). Let i = -148 + s. Is i composite?
False
Let j(u) = -u**3 - 2*u**2 + 20*u + 10151. Is j(0) a composite number?
False
Let n = -76 - -83. Is n/((-35)/(-15)) - -2392 composite?
True
Suppose 0*n + 3*n - 279 = 0. Let a be n + 4/(2 - 0). Suppose z = 16 + a. Is z prime?
False
Let n(f) = 5*f - 7. Let j be n(-6). Let a = j + 18. Let v = 78 + a. Is v a prime number?
True
Suppose 2*o = 8, -3*f - o + 5 = -14. Is (f - 7404/18)*-3 composite?
True
Suppose -2*f - 463 = -2869. Suppose -261 = -2*w + f. Suppose -4*s = -d - 1001, 4*d - w + 218 = -2*s. Is s a composite number?
False
Suppose h + 10 = 4*o - 17, -4*o = 4*h - 52. Let v = 12 - o. Suppose 200 = 4*r - y + 2*y, -3*r - v*y = -163. Is r prime?
False
Is ((-1702)/3)/((32/(-24))/2) a composite number?
True
Let n = 36 + -29. Is ((-4)/n)/(8/(-7028)) prime?
False
Suppose 7*q - 15228 = -5*a, q + 3*a - 2199 = 7*a. Is q a prime number?
True
Suppose 0 = 5*u - 8*u - 9, -67394 = -2*g + 4*u. Is g a composite number?
True
Let u be (-32)/(-28)*7/2. Is (-4)/(-144)*u*3*213 a prime number?
True
Suppose 464 = 12*i - 196. Suppose i*f - 52*f - 2391 = 0. Is f a composite number?
False
Let t(x) = -2*x**3 + 7*x**2 - 6*x + 3. Let r(o) = -2*o**3 + 6*o**2 - 5*o + 3. Let m(z) = -4*r(z) + 5*t(z). Is m(-10) a composite number?
False
Let w = -1755 - -4946. Is w composite?
False
Suppose 0 = s - 2*w - 18, w = -4*s - 0*w + 99. Suppose -4*i + 32 = -s. Is i a composite number?
True
Let z(r) = -2*r - 12. Let o be z(5). Let x = 25 + o. Suppose x*v + 5 = 2, 4*y = -5*v + 2183. Is y a prime number?
True
Let k(q) = 27*q**3 - 5*q**2 + 4*q - 8. Let m be k(-6). Let f = m - -9315. Is f composite?
False
Let o be (9/(-18))/(2/(-108)). Let l = -31 + o. Let m(v) = -10*v**3 - 5*v**2 - v - 1. Is m(l) prime?
True
Suppose -x - 4 + 5 = 0. Let o(a) = 12*a - 1. Let d be o(x). Suppose 4*t = r - d, t + 2*t = -4*r + 139. Is r prime?
True
Let h be ((-6)/(-18))/(2/6). Is (1540 - -4 - h)/1 a prime number?
True
Suppose -4*s + 6 = -2. Let z = -253 + 562. Suppose -s*v + z = v. Is v prime?
True
Let s = -26 + 27. Let w(n) = -2*n**2 - n**2 - 62*n**3 + s - 29*n**3. Is w(-2) a prime number?
False
Let k(o) = 5*o**3 - 2*o**2 - 2. Let i be k(-4). Let h = i + 231. Is 1/4 - h/4 prime?
True
Let c(v) = 3*v**2 + 23*v - 10. Let i be c(-11). Suppose i - 1581 = -h. 